{"id":303,"date":"2021-02-24T20:41:16","date_gmt":"2021-02-24T20:41:16","guid":{"rendered":"https:\/\/skillsparana.com.ar\/?page_id=303"},"modified":"2025-02-18T19:04:15","modified_gmt":"2025-02-18T22:04:15","slug":"examenes-especiales","status":"publish","type":"page","link":"https:\/\/skillsparana.com.ar\/index.php\/examenes-especiales\/","title":{"rendered":"Ex\u00e1menes especiales"},"content":{"rendered":"\t\t<div data-elementor-type=\"wp-page\" data-elementor-id=\"303\" class=\"elementor elementor-303\" data-elementor-settings=\"[]\">\n\t\t\t\t\t\t\t<div class=\"elementor-section-wrap\">\n\t\t\t\t\t\t\t<section class=\"elementor-section elementor-top-section elementor-element elementor-element-96b2653 elementor-section-boxed elementor-section-height-default elementor-section-height-default\" data-id=\"96b2653\" data-element_type=\"section\" data-settings=\"{&quot;background_background&quot;:&quot;classic&quot;}\">\n\t\t\t\t\t\t<div class=\"elementor-container elementor-column-gap-default\">\n\t\t\t\t\t<div class=\"elementor-column elementor-col-100 elementor-top-column elementor-element elementor-element-79ecbb5\" data-id=\"79ecbb5\" data-element_type=\"column\">\n\t\t\t<div class=\"elementor-widget-wrap elementor-element-populated\">\n\t\t\t\t\t\t\t\t<div class=\"elementor-element elementor-element-78e96f8 elementor-widget elementor-widget-heading\" data-id=\"78e96f8\" data-element_type=\"widget\" data-widget_type=\"heading.default\">\n\t\t\t\t<div class=\"elementor-widget-container\">\n\t\t\t<h2 class=\"elementor-heading-title elementor-size-default\">CAMBRIDGE ENGLISH - First Certificate in English<\/h2>\t\t<\/div>\n\t\t\t\t<\/div>\n\t\t\t\t\t<\/div>\n\t\t<\/div>\n\t\t\t\t\t\t\t<\/div>\n\t\t<\/section>\n\t\t\t\t<section class=\"elementor-section elementor-top-section elementor-element elementor-element-33fb5386 elementor-section-content-middle elementor-section-boxed elementor-section-height-default elementor-section-height-default\" data-id=\"33fb5386\" data-element_type=\"section\" data-settings=\"{&quot;background_background&quot;:&quot;classic&quot;}\">\n\t\t\t\t\t\t\t<div class=\"elementor-background-overlay\"><\/div>\n\t\t\t\t\t\t\t<div class=\"elementor-container elementor-column-gap-no\">\n\t\t\t\t\t<div class=\"elementor-column elementor-col-100 elementor-top-column elementor-element elementor-element-4e3dca2b\" data-id=\"4e3dca2b\" data-element_type=\"column\">\n\t\t\t<div class=\"elementor-widget-wrap elementor-element-populated\">\n\t\t\t\t\t\t\t\t<div class=\"elementor-element elementor-element-74150e9 elementor-widget elementor-widget-image\" data-id=\"74150e9\" data-element_type=\"widget\" data-widget_type=\"image.default\">\n\t\t\t\t<div class=\"elementor-widget-container\">\n\t\t\t\t\t<div class=\"elementor-image\">\n\t\t\t\t\t\t\t\t\t\t<img width=\"150\" height=\"150\" src=\"https:\/\/skillsparana.com.ar\/wp-content\/uploads\/2021\/02\/cambridge-150x150.png\" class=\"attachment-thumbnail size-thumbnail\" alt=\"Instituto de ingl\u00e9s Skills Paran\u00e1 - ex\u00e1menes especiales cambridge\" loading=\"lazy\" srcset=\"https:\/\/skillsparana.com.ar\/wp-content\/uploads\/2021\/02\/cambridge-150x150.png 150w, https:\/\/skillsparana.com.ar\/wp-content\/uploads\/2021\/02\/cambridge.png 225w\" sizes=\"(max-width: 150px) 100vw, 150px\" \/>\t\t\t\t\t\t\t\t\t\t\t<\/div>\n\t\t\t\t<\/div>\n\t\t\t\t<\/div>\n\t\t\t\t<div class=\"elementor-element elementor-element-20203e71 elementor-widget elementor-widget-image\" data-id=\"20203e71\" data-element_type=\"widget\" data-widget_type=\"image.default\">\n\t\t\t\t<div class=\"elementor-widget-container\">\n\t\t\t\t\t<div class=\"elementor-image\">\n\t\t\t\t\t\t\t\t\t\t<img width=\"772\" height=\"436\" src=\"https:\/\/skillsparana.com.ar\/wp-content\/uploads\/2021\/02\/cambridge-2.jpg\" class=\"attachment-full size-full\" alt=\"Instituto de ingl\u00e9s Skills Paran\u00e1 - ex\u00e1menes especiales cambridge\" loading=\"lazy\" srcset=\"https:\/\/skillsparana.com.ar\/wp-content\/uploads\/2021\/02\/cambridge-2.jpg 772w, https:\/\/skillsparana.com.ar\/wp-content\/uploads\/2021\/02\/cambridge-2-300x169.jpg 300w, https:\/\/skillsparana.com.ar\/wp-content\/uploads\/2021\/02\/cambridge-2-768x434.jpg 768w\" sizes=\"(max-width: 772px) 100vw, 772px\" \/>\t\t\t\t\t\t\t\t\t\t\t<\/div>\n\t\t\t\t<\/div>\n\t\t\t\t<\/div>\n\t\t\t\t<section class=\"elementor-section elementor-inner-section elementor-element elementor-element-8845aa8 elementor-section-boxed elementor-section-height-default elementor-section-height-default\" data-id=\"8845aa8\" data-element_type=\"section\">\n\t\t\t\t\t\t<div class=\"elementor-container elementor-column-gap-default\">\n\t\t\t\t\t<div class=\"elementor-column elementor-col-50 elementor-inner-column elementor-element elementor-element-55f0ca2a\" data-id=\"55f0ca2a\" data-element_type=\"column\">\n\t\t\t<div class=\"elementor-widget-wrap elementor-element-populated\">\n\t\t\t\t\t\t\t\t<div class=\"elementor-element elementor-element-3df2f79d elementor-widget elementor-widget-text-editor\" data-id=\"3df2f79d\" data-element_type=\"widget\" data-widget_type=\"text-editor.default\">\n\t\t\t\t<div class=\"elementor-widget-container\">\n\t\t\t\t\t<div class=\"elementor-text-editor elementor-clearfix\"><p>Las Cambridge English Qualifications son ex\u00e1menes a profundidad que hacen del aprendizaje del ingl\u00e9s algo placentero, eficaz y provechoso.<\/p><\/div>\n\t\t\t\t<\/div>\n\t\t\t\t<\/div>\n\t\t\t\t<div class=\"elementor-element elementor-element-8fe922e elementor-align-center elementor-widget elementor-widget-button\" data-id=\"8fe922e\" data-element_type=\"widget\" data-widget_type=\"button.default\">\n\t\t\t\t<div class=\"elementor-widget-container\">\n\t\t\t\t\t<div class=\"elementor-button-wrapper\">\n\t\t\t<a href=\"https:\/\/www.cambridgeenglish.org\/\" target=\"_blank\" class=\"elementor-button-link elementor-button elementor-size-sm elementor-animation-shrink\" role=\"button\">\n\t\t\t\t\t\t<span class=\"elementor-button-content-wrapper\">\n\t\t\t\t\t\t<span class=\"elementor-button-text\">Ver m\u00e1s<\/span>\n\t\t<\/span>\n\t\t\t\t\t<\/a>\n\t\t<\/div>\n\t\t\t\t<\/div>\n\t\t\t\t<\/div>\n\t\t\t\t\t<\/div>\n\t\t<\/div>\n\t\t\t\t<div class=\"elementor-column elementor-col-50 elementor-inner-column elementor-element elementor-element-58bddf7d\" data-id=\"58bddf7d\" data-element_type=\"column\">\n\t\t\t<div class=\"elementor-widget-wrap elementor-element-populated\">\n\t\t\t\t\t\t\t\t<div class=\"elementor-element elementor-element-2fb2ea2d elementor-widget elementor-widget-text-editor\" data-id=\"2fb2ea2d\" data-element_type=\"widget\" data-widget_type=\"text-editor.default\">\n\t\t\t\t<div class=\"elementor-widget-container\">\n\t\t\t\t\t<div class=\"elementor-text-editor elementor-clearfix\"><p>Nuestras certificaciones se basan en la investigaci\u00f3n sobre la ense\u00f1anza y aprendizaje eficaces. Motivan a aprender ingl\u00e9s y a desarrollar habilidades pr\u00e1cticas para el mundo real a personas de todas las edades y capacidades. Cada examen se centra en un nivel del Marco Com\u00fan Europeo de Referencia (MCER) para las lenguas, lo que ayuda a los alumnos a mejorar paso a paso sus habilidades de expresi\u00f3n oral, expresi\u00f3n escrita, comprensi\u00f3n lectora y compresi\u00f3n auditiva.<\/p><p>Cualquiera que sea su meta, las Cambridge English Qualifications son un distintivo de excelencia, aceptadas y reconocidas por miles de organizaciones en todo el mundo<\/p><\/div>\n\t\t\t\t<\/div>\n\t\t\t\t<\/div>\n\t\t\t\t\t<\/div>\n\t\t<\/div>\n\t\t\t\t\t\t\t<\/div>\n\t\t<\/section>\n\t\t\t\t\t<\/div>\n\t\t<\/div>\n\t\t\t\t\t\t\t<\/div>\n\t\t<\/section>\n\t\t\t\t\t\t<\/div>\n\t\t\t\t\t<\/div>\n\t\t","protected":false},"excerpt":{"rendered":"<p>CAMBRIDGE ENGLISH &#8211; First Certificate in English Las Cambridge English Qualifications son ex\u00e1menes a profundidad que hacen del aprendizaje del ingl\u00e9s algo placentero, eficaz y provechoso. Ver m\u00e1s Nuestras certificaciones se basan en la investigaci\u00f3n sobre la ense\u00f1anza y aprendizaje eficaces. Motivan a aprender ingl\u00e9s y a desarrollar habilidades pr\u00e1cticas para el mundo real a &hellip;<\/p>\n<p class=\"read-more\"> <a class=\"\" href=\"https:\/\/skillsparana.com.ar\/index.php\/examenes-especiales\/\"> <span class=\"screen-reader-text\">Ex\u00e1menes especiales<\/span> Leer m\u00e1s &raquo;<\/a><\/p>\n","protected":false},"author":1,"featured_media":0,"parent":0,"menu_order":3,"comment_status":"closed","ping_status":"closed","template":"","meta":[],"yoast_head":"<!-- This site is optimized with the Yoast SEO plugin v15.9 - https:\/\/yoast.com\/wordpress\/plugins\/seo\/ -->\n<title>Ex\u00e1menes especiales - Instituto Skills - Paran\u00e1<\/title>\n<meta name=\"description\" content=\"El instituto de ingl\u00e9s Skills te brinda ex\u00e1menes especiales con certificaci\u00f3n internacional Cambridge\" \/>\n<meta name=\"robots\" content=\"index, follow, max-snippet:-1, max-image-preview:large, max-video-preview:-1\" \/>\n<link rel=\"canonical\" href=\"https:\/\/skillsparana.com.ar\/index.php\/examenes-especiales\/\" \/>\n<meta property=\"og:locale\" content=\"es_ES\" \/>\n<meta property=\"og:type\" content=\"article\" \/>\n<meta property=\"og:title\" content=\"Ex\u00e1menes especiales - Instituto Skills - Paran\u00e1\" \/>\n<meta property=\"og:description\" content=\"El instituto de ingl\u00e9s Skills te brinda ex\u00e1menes especiales con certificaci\u00f3n internacional Cambridge\" \/>\n<meta property=\"og:url\" content=\"https:\/\/skillsparana.com.ar\/index.php\/examenes-especiales\/\" \/>\n<meta property=\"og:site_name\" content=\"Instituto Skills\" \/>\n<meta property=\"article:modified_time\" content=\"2025-02-18T22:04:15+00:00\" \/>\n<meta property=\"og:image\" content=\"https:\/\/skillsparana.com.ar\/wp-content\/uploads\/2021\/02\/cambridge-150x150.png\" \/>\n<meta name=\"twitter:card\" content=\"summary_large_image\" \/>\n<meta name=\"twitter:label1\" content=\"Tiempo de lectura\">\n\t<meta name=\"twitter:data1\" content=\"1 minuto\">\n<script type=\"application\/ld+json\" class=\"yoast-schema-graph\">{\"@context\":\"https:\/\/schema.org\",\"@graph\":[{\"@type\":\"Organization\",\"@id\":\"https:\/\/skillsparana.com.ar\/#organization\",\"name\":\"instituto de ingl\\u00e9s Skills en Paran\\u00e1\",\"url\":\"https:\/\/skillsparana.com.ar\/\",\"sameAs\":[],\"logo\":{\"@type\":\"ImageObject\",\"@id\":\"https:\/\/skillsparana.com.ar\/#logo\",\"inLanguage\":\"es\",\"url\":\"https:\/\/skillsparana.com.ar\/wp-content\/uploads\/2021\/02\/skills-logo2.png\",\"width\":2326,\"height\":1067,\"caption\":\"instituto de ingl\\u00e9s Skills en Paran\\u00e1\"},\"image\":{\"@id\":\"https:\/\/skillsparana.com.ar\/#logo\"}},{\"@type\":\"WebSite\",\"@id\":\"https:\/\/skillsparana.com.ar\/#website\",\"url\":\"https:\/\/skillsparana.com.ar\/\",\"name\":\"Instituto Skills\",\"description\":\"Instituto de ingl\\u00e9s\",\"publisher\":{\"@id\":\"https:\/\/skillsparana.com.ar\/#organization\"},\"potentialAction\":[{\"@type\":\"SearchAction\",\"target\":\"https:\/\/skillsparana.com.ar\/?s={search_term_string}\",\"query-input\":\"required name=search_term_string\"}],\"inLanguage\":\"es\"},{\"@type\":\"ImageObject\",\"@id\":\"https:\/\/skillsparana.com.ar\/index.php\/examenes-especiales\/#primaryimage\",\"inLanguage\":\"es\",\"url\":\"https:\/\/skillsparana.com.ar\/wp-content\/uploads\/2021\/02\/cambridge.png\",\"width\":225,\"height\":225,\"caption\":\"Instituto de ingl\\u00e9s Skills Paran\\u00e1 - ex\\u00e1menes especiales cambridge\"},{\"@type\":\"WebPage\",\"@id\":\"https:\/\/skillsparana.com.ar\/index.php\/examenes-especiales\/#webpage\",\"url\":\"https:\/\/skillsparana.com.ar\/index.php\/examenes-especiales\/\",\"name\":\"Ex\\u00e1menes especiales - Instituto Skills - Paran\\u00e1\",\"isPartOf\":{\"@id\":\"https:\/\/skillsparana.com.ar\/#website\"},\"primaryImageOfPage\":{\"@id\":\"https:\/\/skillsparana.com.ar\/index.php\/examenes-especiales\/#primaryimage\"},\"datePublished\":\"2021-02-24T20:41:16+00:00\",\"dateModified\":\"2025-02-18T22:04:15+00:00\",\"description\":\"El instituto de ingl\\u00e9s Skills te brinda ex\\u00e1menes especiales con certificaci\\u00f3n internacional Cambridge\",\"breadcrumb\":{\"@id\":\"https:\/\/skillsparana.com.ar\/index.php\/examenes-especiales\/#breadcrumb\"},\"inLanguage\":\"es\",\"potentialAction\":[{\"@type\":\"ReadAction\",\"target\":[\"https:\/\/skillsparana.com.ar\/index.php\/examenes-especiales\/\"]}]},{\"@type\":\"BreadcrumbList\",\"@id\":\"https:\/\/skillsparana.com.ar\/index.php\/examenes-especiales\/#breadcrumb\",\"itemListElement\":[{\"@type\":\"ListItem\",\"position\":1,\"item\":{\"@type\":\"WebPage\",\"@id\":\"https:\/\/skillsparana.com.ar\/\",\"url\":\"https:\/\/skillsparana.com.ar\/\",\"name\":\"Portada\"}},{\"@type\":\"ListItem\",\"position\":2,\"item\":{\"@type\":\"WebPage\",\"@id\":\"https:\/\/skillsparana.com.ar\/index.php\/examenes-especiales\/\",\"url\":\"https:\/\/skillsparana.com.ar\/index.php\/examenes-especiales\/\",\"name\":\"Ex\\u00e1menes especiales\"}}]}]}<\/script>\n<!-- \/ Yoast SEO plugin. -->","_links":{"self":[{"href":"https:\/\/skillsparana.com.ar\/index.php\/wp-json\/wp\/v2\/pages\/303"}],"collection":[{"href":"https:\/\/skillsparana.com.ar\/index.php\/wp-json\/wp\/v2\/pages"}],"about":[{"href":"https:\/\/skillsparana.com.ar\/index.php\/wp-json\/wp\/v2\/types\/page"}],"author":[{"embeddable":true,"href":"https:\/\/skillsparana.com.ar\/index.php\/wp-json\/wp\/v2\/users\/1"}],"replies":[{"embeddable":true,"href":"https:\/\/skillsparana.com.ar\/index.php\/wp-json\/wp\/v2\/comments?post=303"}],"version-history":[{"count":35,"href":"https:\/\/skillsparana.com.ar\/index.php\/wp-json\/wp\/v2\/pages\/303\/revisions"}],"predecessor-version":[{"id":816,"href":"https:\/\/skillsparana.com.ar\/index.php\/wp-json\/wp\/v2\/pages\/303\/revisions\/816"}],"wp:attachment":[{"href":"https:\/\/skillsparana.com.ar\/index.php\/wp-json\/wp\/v2\/media?parent=303"}],"curies":[{"name":"wp","href":"https:\/\/api.w.org\/{rel}","templated":true}]}}